Give t(w).
-8
Let w(k) = 11*k + 2. Let q(m) = 5*m. Let a(b) = -5*q(b) + 2*w(b). Calculate a(3).
-5
Suppose -q + 4*u + 7 = 0, 0 = 4*q + 6*u - 2*u - 8. Let s(g) = -g**3 + 2*g**2 + g + 4. Give s(q).
-2
Suppose 0 = 13*v - 17*v + 12. Suppose -3*k + 4*w = 8, -v*w = 3*k - w - 4. Let z(u) = u**2 - u. Give z(k).
0
Let i(g) = g**2 - 4*g + 8. Let c be (4 + 105/(-30))*4*2. Determine i(c).
8
Let f(h) be the first derivative of -1/4*h**4 + 7/3*h**3 - 3 + 5*h - 4*h**2. What is f(5)?
15
Let r be (-18)/(4/2) - -6. Let n(a) = -3*a**2 + 2*a + 2. Calculate n(r).
-31
Suppose -3*u + 19 = -f, 2*u - 24 = -0*f - 5*f. Suppose 5*w - 46 = -1. Suppose -10*v + u*v + w = 0. Let c(p) = -p**3 + p**2 + 3*p - 1. What is c(v)?
-10
Suppose 0 = -12*r + 17 + 19. Let b(d) = -d**r + 16*d + 3*d**2 - 2 - 17*d - 3*d**2 + 3*d**2. Let u(k) = 4*k - 1. Let o be u(1). Calculate b(o).
-5
Let j(a) = a + 7*a + 1 + a**2 + 3. Suppose u + 6*p - 4*p + 4 = 0, 0 = 2*p - 2. What is j(u)?
-8
Let x = -54 - -84. Suppose -x = -4*f - 2*p, p = -2*f - 2*p + 9. Suppose -f = u + 2*u. Let z(o) = o**3 + 3*o**2 + o - 2. Determine z(u).
-5
Let r be 2*11 - (-3 + (-12)/(-2)). Suppose 16 = 7*z - r. Let f(i) = i**2 - 3*i + 2. Give f(z).
12
Let i(j) be the third derivative of 5/24*j**4 - 1/120*j**6 - 7*j**2 + 0*j + 0 - 1/3*j**3 + 1/30*j**5. Calculate i(3).
4
Suppose z = y + 3, 6*z - 17 = 2*z + 5*y. Suppose -2 = 5*q - 22. Let s(u) = u - 3*u**3 - u + q*u**3 + 2 - 2*u**2 - u. Determine s(z).
-12
Let x(h) be the first derivative of -2*h**3/3 + 7*h**2 - 5*h - 186. What is x(9)?
-41
Let z(j) be the second derivative of j**3/3 - 3*j**2/2 - 2*j + 1. Give z(2).
1
Let q(t) = -t**2 + 19*t + 2. Let l be q(19). Let r(a) = -5*a**l - 5*a + 0 + 6*a**2 - 2. Calculate r(4).
-6
Let b(v) be the second derivative of -v**5/60 - 29*v**3/6 + 6*v. Let w(r) be the second derivative of b(r). Give w(7).
-14
Suppose -2*x - x = -2*d + 65, 4*d - 110 = 2*x. Suppose 6*g = d + 11. Let q(v) be the third derivative of -v**5/60 + v**4/3 - 3*v**3/2 + 2*v**2. Determine q(g).
3
Let a(y) = -2*y + 11. Let u be (-3 - 33/(-12)) + 212/16. Give a(u).
-15
Let s(i) = 3*i + 46. Let v(a) = -3. Let j(n) = -s(n) - 6*v(n). Determine j(-5).
-13
Let x(d) = d**2 + 11*d + 15. Let q be x(-10). Let s(c) = -3*c + q*c + 65 - 70. Let w be (1 - (-7 + 1)) + -1. Calculate s(w).
7
Suppose 2 + 2 = 2*z. Let u(n) be the second derivative of -1/2*n**z + 5*n - 1/20*n**5 - 1/3*n**4 + n**3 + 0. Calculate u(-5).
-6
Let z(o) = -o + 3777 + 2*o - 3788. What is z(16)?
5
Let q = 2 - 1. Let l(a) be the third derivative of a**6/120 - a**5/60 + a**4/24 - a**3/6 + 32*a**2 + 5. Determine l(q).
0
Let t(j) = j**2 + 7*j + 1. Let v be 68/20 + (-2)/5. Suppose -4*w + v*m - 18 = 0, -20 = 4*w - 0*w - 2*m. Determine t(w).
-5
Let x(z) = z**2 - 6*z + 1. Let f be 15*1*(-12)/(-30). Determine x(f).
1
Suppose p - 10 = -u, 5*u = 5*p + 1 - 61. Let n(v) = v**3 - 12*v**2 + 10*v + 10. Determine n(p).
-1
Let z be 13/(-26)*0/1. Suppose z*n + 2*n = 14. Let p(w) = -w**3 - 2*w**2 + 5 - n + 0*w**2 + w**2. Determine p(-2).
2
Let o(g) = 4*g**2 - 5*g**2 + 1 + g**3 - 5 + g. Let w(v) = -v**3 + 8*v**2 - 7*v + 5. Let x be w(7). Let y be 1 + 3 - (x - 1). Give o(y).
-4
Suppose 2*b + 3*p + p = -16, -5*b = -p + 40. Let a = b - -14. Let u(k) = 8*k**2 + 2*k - 13. Let w(r) = -5*r**2 + 7. Let s(x) = -3*u(x) - 5*w(x). Determine s(a).
4
Suppose -4*d - 21 = -5. Let l(b) = -b**2 + b. Let g(j) = 2*j**2 - 5*j + 2. Let s(r) = -g(r) - 3*l(r). Let q be s(d). Let i(c) = -c + 1. Calculate i(q).
-5
Let u(g) = 7*g**2 + 5*g - 11. Let z(q) = -15*q**2 - 12*q + 23. Let p(f) = -13*u(f) - 6*z(f). Determine p(7).
5
Suppose -3*z + 0*x - x = -104, -10 = -2*x. Suppose h + 29 = z. Let t(v) = v - 1. Give t(h).
3
Let d(t) = -t**2 - 15*t + 2. Let i be d(-15). Let h(p) be the first derivative of 0*p**i + 4/3*p**3 + p - 5. Determine h(1).
5
Let h(x) = x**3 + 12*x**2 - 11*x + 32. Let b be 26/3*(-414)/276. Calculate h(b).
6
Let y(k) = k**2 - 30*k + 84. Let f be y(3). Let b(h) be the third derivative of -1/60*h**5 + 1/8*h**4 + 0 - 1/120*h**6 + 0*h + f*h**2 - 1/3*h**3. Give b(2).
-8
Suppose 5*g + 3*c = -28, 3*c - 8 = 2*g + c. Let w(h) = -7*h - 6 + 2*h**2 - 4*h**2 + h**2. Give w(g).
4
Let a(u) = -u**3 + 6*u**2 + 7*u + 9. Let z(i) = -5*i - 108. Let o be z(-23). What is a(o)?
9
Let b = -1422 - -1421. Let p(a) = 5*a**3 + 2*a**2 - 1. What is p(b)?
-4
Let v = 67 + -57. Let z(n) = -6*n + 3 + 0*n**2 + 3*n**2 - 2*n**2 + v*n. Calculate z(-3).
0
Let t(g) = -g**2 + 7*g - 5. Suppose -7*j + 4*j + 540 = 0. Suppose 23*f - 3*f - j = 0. What is t(f)?
-23
Suppose 46*w - 48*w = 16. Let h(u) = 7*u**2 - 11 + u**3 + 0*u**3 + 28*u - 38*u. What is h(w)?
5
Let p(f) = -11*f**3 - 18*f**2 - 34*f - 11. Let z(c) = 7*c**3 + 12*c**2 + 22*c + 7. Let g(a) = -5*p(a) - 8*z(a). Determine g(-5).
4
Let q(c) = -c**2 + 5*c - 1. Let w = 4 + 1. Let s = 253 - 243. Suppose s = 3*a - w. What is q(a)?
-1
Suppose -y = y + y. Suppose 28*j - 27*j + 7 = y. Let p(f) = -f**3 - 7*f**2 + f. Calculate p(j).
-7
Let n(d) be the third derivative of -d**7/2520 - d**6/360 + d**5/120 + 7*d**4/12 - 17*d**2. Let j(m) be the second derivative of n(m). Determine j(-2).
1
Let x(s) = 3*s**3 - 2*s**2 + 2*s - 1. Let r be x(1). Suppose -3*n = 5*n - 80. Let g(h) = -n + 4 + 7 + 4*h**3 - 2*h**2 - 3*h - 3*h**3. Give g(r).
-5
Let j(a) = 2*a - 2. Let o be j(-3). Let v(t) be the third derivative of t**5/60 + t**4/3 + t**3/2 - 30*t**2 - t - 52. What is v(o)?
3
Suppose 4*k + 24 = -0*k. Let l(c) be the third derivative of -c**6/720 - 7*c**5/60 - 3*c**4/8 - 6*c**2. Let m(w) be the second derivative of l(w). Give m(k).
-8
Suppose 0 = 3*p + 2*p - 4*u + 6, 0 = 3*p + u - 10. Let m(x) = -p*x + 3*x + 5*x - 2*x + 5. What is m(-6)?
-19
Let z = -473 - -475. Let j(q) = 4*q - 4. Determine j(z).
4
Let y = -454 + 9081/20. Let i(z) be the third derivative of 0*z + 3*z**2 + y*z**5 + 1/12*z**4 + 0 - 1/3*z**3 + 1/120*z**6. Calculate i(-3).
-8
Let y(w) = -w + w**3 + 167*w**2 + 174*w**2 - 340*w**2. What is y(1)?
1
Let q(j) = 2*j**2 + 2*j - 7. Let p(d) = -d**3 - 9*d**2 + 3*d + 7. Let z be p(-4). Let x = z - -82. Give q(x).
5
Let k(q) = q**3 - 2*q**2 - 4*q - 2. Let m be k(3). Let o(a) = 5*a**2 - 2*a - 1. Let w(u) = u**2 - 1. Let s(b) = o(b) - 6*w(b). Give s(m).
-10
Let u = 361/4476 + 1/373. Let o(j) be the second derivative of -1/2*j**2 + 0*j**3 + 0 - 3*j - u*j**4. Calculate o(1).
-2
Let r be 2*(16/(-12))/(-1)*3. Let s(t) = t**2 - 9*t + 10. Determine s(r).
2
Suppose -6*o + o = -30. Let j(x) = -5*x**3 + x**2 + 3*x - 12. Let u(f) = 9*f**3 - f**2 - 5*f + 23. Let d(c) = 11*j(c) + 6*u(c). What is d(o)?
-12
Let u = 12 + -7. Let h(k) = 3*k**2 - u - 8*k + 4*k + k**3 - 2*k. Give h(-4).
3
Let q(v) = 7*v**3 + v**2 + 2*v + 2. Let l be (7 - ((8 - 4) + 0)) + -4. Let f be q(l). Let x(z) = -2*z**2 - 8*z + 6. What is x(f)?
-18
Let a = -27 + 32. Let u(m) = m**2 + 8*m - 11. Let k be u(-10). Let s(q) = -7*q**2 + 8*q - 2*q**2 + q**2 + a + k*q**2. What is s(-5)?
-10
Let q be (-4)/(-18) + (-112)/(-63). Let t(u) = -u**3 + 3*u**2 - u - 2. Let j be t(q). Suppose 2*p - 4*p - 2 = j. Let k(i) = 2*i. Calculate k(p).
-2
Suppose 20 = -2*w - 2*a, w - 2*w = 4*a + 22. Let f(t) be the second derivative of t**5/20 + 5*t**4/12 - 4*t**3/3 - 7*t**2/2 - t. Calculate f(w).
5
Let t(h) = h**3 + 8*h**2 + 12*h + 3. Let c be t(-1). Let p(u) = u**2 + 1. Give p(c).
5
Let f(h) = 4*h + 8*h + 3 - 17*h + 4*h. Let g(j) = j - 1. Let s(t) = -f(t) - 2*g(t). What is s(-3)?
2
Let k = 46 - 44. Suppose k*g - 6*i - 14 = -2*i, -3*g + 2*i = -21. Let u(o) = o**2 - 7*o + 5. Give u(g).
5
Let r(d) = 3*d - 18. Suppose 5*j = 4*t - 27, -2*t + 2 = 4*j - 18. Give r(t).
6
Let w = 38 - 33. Suppose d - 2*d + 16 = -5*x, -4*x = w*d + 7. Let q(f) = -f**3 - f**2 + 2*f - 4. What is q(x)?
8
Let o(l) = 4*l**2 - 2*l - 1. Suppose 3*v = 5*f + 2 + 20, -5 = f. Determine o(v).
5
Let m(o) = 3*o**2 + 3*o - 1. Let v(k) = -15*k**2 - 13*k + 8. Let b(f) = 11*m(f) + 2*v(f). What is b(-2)?
3
Suppose 2*v + 23 = 5*u + 9, 4*v = -4*u. Let j be 2 + v + 2 + 2. Let a(t) = -t**3 + 5*t + 0*t - 61*t**2 + 64*t**2 + 5 - 3*t. Calculate a(j).
-3
Let t(w) be the second derivative of -w**4/6 + 4*w**3/3 - 7*w**2/2 - 278*w. What is t(4)?
-7
Let b(m) = m**3 + 7*m**2 + 3*m + 1. Let n be (3 - 2)*(1 + (-16)/2). What is b(n)?
-20
Suppose -494 = 6*z - 548. Let a(t) = 4*t - 2*t - 17 - t. Wh